der when 8334784 is divided by 287?
17
What is the remainder when 24429 is divided by 11436?
1557
What is the remainder when 658170 is divided by 1188?
18
What is the remainder when 17704773 is divided by 1360?
293
Calculate the remainder when 3076760 is divided by 65.
50
Calculate the remainder when 1028115 is divided by 740.
255
Calculate the remainder when 255554 is divided by 2500.
554
What is the remainder when 164404 is divided by 79993?
4418
Calculate the remainder when 8697148 is divided by 12.
4
Calculate the remainder when 112026404 is divided by 67.
59
What is the remainder when 4394904 is divided by 1293?
1290
What is the remainder when 334923 is divided by 4234?
437
What is the remainder when 6489918 is divided by 28340?
58
What is the remainder when 3701020 is divided by 3679?
3625
What is the remainder when 352769 is divided by 2094?
977
What is the remainder when 301283 is divided by 2108?
1947
Calculate the remainder when 1217125 is divided by 1217099.
26
What is the remainder when 1231259 is divided by 79?
44
What is the remainder when 11892288 is divided by 11892265?
23
Calculate the remainder when 458472 is divided by 17632.
40
What is the remainder when 2203337 is divided by 51?
35
Calculate the remainder when 568317 is divided by 717.
453
What is the remainder when 77009795 is divided by 331?
328
Calculate the remainder when 53912903 is divided by 2104.
7
Calculate the remainder when 137520 is divided by 2760.
2280
What is the remainder when 9891547 is divided by 748?
743
Calculate the remainder when 425612 is divided by 6808.
3516
What is the remainder when 4025 is divided by 1261?
242
What is the remainder when 5343567 is divided by 84?
75
What is the remainder when 1318472 is divided by 60?
32
What is the remainder when 560834 is divided by 1857?
20
Calculate the remainder when 142208 is divided by 3731.
430
What is the remainder when 17557 is divided by 8772?
13
What is the remainder when 10465315 is divided by 627?
58
What is the remainder when 4815078 is divided by 33207?
63
What is the remainder when 244618 is divided by 3061?
2799
What is the remainder when 198958195 is divided by 99479085?
25
What is the remainder when 844386 is divided by 17?
13
What is the remainder when 508400 is divided by 72623?
39
Calculate the remainder when 1875966 is divided by 468984.
30
What is the remainder when 33571 is divided by 879?
169
Calculate the remainder when 1104257 is divided by 1014.
11
Calculate the remainder when 55820552 is divided by 513.
509
What is the remainder when 85641690 is divided by 854?
8
Calculate the remainder when 24025572 is divided by 145.
87
Calculate the remainder when 192242609 is divided by 70.
69
What is the remainder when 3492410 is divided by 188?
122
Calculate the remainder when 6135520 is divided by 3498.
28
What is the remainder when 23212753 is divided by 1785595?
18
What is the remainder when 72618 is divided by 36045?
528
Calculate the remainder when 2558152 is divided by 255794.
212
Calculate the remainder when 1828916 is divided by 7034.
76
What is the remainder when 35923 is divided by 4623?
3562
What is the remainder when 5180230 is divided by 191859?
37
What is the remainder when 3826118 is divided by 225065?
13
What is the remainder when 4131371 is divided by 1812?
11
What is the remainder when 364130697 is divided by 50?
47
What is the remainder when 472773 is divided by 8228?
3777
Calculate the remainder when 28574726 is divided by 86.
22
What is the remainder when 74850 is divided by 2083?
1945
What is the remainder when 27046447 is divided by 143?
142
What is the remainder when 5030246 is divided by 462?
452
What is the remainder when 241102 is divided by 936?
550
What is the remainder when 13323003 is divided by 1332300?
3
Calculate the remainder when 93229 is divided by 1668.
1489
What is the remainder when 1380652 is divided by 6?
4
Calculate the remainder when 6756679 is divided by 29.
27
Calculate the remainder when 68611622 is divided by 22870538.
8
What is the remainder when 50003 is divided by 9633?
1838
What is the remainder when 440902 is divided by 6783?
7
Calculate the remainder when 836912 is divided by 6896.
2496
Calculate the remainder when 4521667 is divided by 17391.
7
Calculate the remainder when 51516800 is divided by 2577.
2570
Calculate the remainder when 4428631 is divided by 13.
12
Calculate the remainder when 11868295 is divided by 6398.
5
Calculate the remainder when 2005905 is divided by 9186.
3357
What is the remainder when 544946 is divided by 543950?
996
What is the remainder when 4280627 is divided by 5?
2
Calculate the remainder when 38706632 is divided by 48872.
8
Calculate the remainder when 147136 is divided by 73055.
1026
What is the remainder when 123669694 is divided by 39?
31
Calculate the remainder when 10201624 is divided by 9020.
4
What is the remainder when 1180138 is divided by 41?
35
What is the remainder when 27961 is divided by 3088?
169
Calculate the remainder when 10733659 is divided by 204.
199
What is the remainder when 971665 is divided by 31315?
900
What is the remainder when 370508 is divided by 185242?
24
Calculate the remainder when 930867603 is divided by 18.
15
Calculate the remainder when 1470854 is divided by 13628.
12658
Calculate the remainder when 1656451 is divided by 79.
58
Calculate the remainder when 123913593 is divided by 54.
9
Calculate the remainder when 476633 is divided by 37.
36
Calculate the remainder when 551384 is divided by 1111.
328
Calculate the remainder when 56992 is divided by 1268.
1200
What is the remainder when 1304505 is divided by 73?
68
What is the remainder when 120307979 is divided by 4172?
15
Calculate the remainder when 81890212 is divided by 208.
196
What is the remainder when 920793 is divided by 1179?
1173
What is the remainder when 129568 is divided by 129133?
435
Calculate the remainder when 6579044 is divided by 372.
224
Calculate the remainder when 683083 is divided by 341468.
147
What is the remainder when 9130214 is divided by 56?
30
What is the remainder when 269302 is divided by 44214?
4018
Calculate the remainder when 308724 is divided by 800.
724
Calculate the remainder when 144309 is divided by 932.
781
Calculate the remainder when 17406 is divided by 275.
81
What is the remainder when 60812 is divided by 12136?
132
Calculate the remainder when 4154411 is divided by 400.
11
Calculate the remainder when 89363 is divided by 238.
113
Calculate the remainder when 2304437 is divided by 3693.
5
What is the remainder when 987264 is divided by 81?
36
What is the remainder when 823530 is divided by 9253?
13
Calculate the remainder when 3266824 is divided by 4028.
116
What is the remainder when 148464178 is divided by 44?
38
Calculate the remainder when 6734547 is divided by 28780.
27
What is the remainder when 62366 is divided by 2303?
185
What is the remainder when 6287 is divided by 195?
47
What is the remainder when 9895 is divided by 3856?
2183
What is the remainder when 236882 is divided by 8771?
65
What is the remainder when 3674984 is divided by 3674977?
7
What is the remainder when 2502254 is divided by 4?
2
What is the remainder when 16335 is divided by 7600?
1135
What is the remainder when 1162040 is divided by 105?
5
Calculate the remainder when 615274 is divided by 478.
88
What is the remainder when 3489805 is divided by 1155?
550
Calculate the remainder when 3478412836 is divided by 1117.
1114
What is the remainder when 4754966 is divided by 227?
224
Calculate the remainder when 2921542 is divided by 1295.
22
Calculate the remainder when 25760 is divided by 890.
840
What is the remainder when 4649645 is divided by 1549880?
5
What is the remainder when 137629 is divided by 19474?
1311
Calculate the remainder when 2772715 is divided by 120.
115
What is the remainder when 48257670 is divided by 103?
7
What is the remainder when 94767 is divided by 23482?
839
What is the remainder when 16159696 is divided by 5386564?
4
What is the remainder when 52861677 is divided by 69?
18
Calculate the remainder when 61420 is divided by 6.
4
Calculate the remainder when 3429939 is divided by 685981.
34
Calculate the remainder when 2725984 is divided by 652.
624
What is the remainder wh